- 2*y(f). Let m be (-16)/2 - 4/(7 + -11). What are the prime factors of g(m)?
7
Let l be 54*((-1 - 0) + 2). What are the prime factors of ((1*l)/(-3))/(-2)?
3
Suppose 3*o = -5*k + 184, o - 2*k - 44 = 10. What are the prime factors of o?
2, 29
Suppose -2*p - 2*i = -3*p + 31, -4*p = -3*i - 104. What are the prime factors of p?
23
Let p = -102 + 176. What are the prime factors of p?
2, 37
Let x be 6/1 - (-6)/2. Let v = x + -6. Suppose -2*u + v = -3. What are the prime factors of u?
3
Suppose i - c = 2*i - 11, -c = -2*i + 7. Let w be ((-8)/i)/((-4)/30). Let r = -7 + w. List the prime factors of r.
3
List the prime factors of (7 + 135/(-18))/(1/(-662)).
331
List the prime factors of (-4)/(-18) - (2792/(-9))/8.
3, 13
Let h = 99 - 57. What are the prime factors of h?
2, 3, 7
Let t be (4 + -1)/(12/16). Suppose 2*q = t*q - 22. List the prime factors of q.
11
Let h = 185 - 111. What are the prime factors of h?
2, 37
Suppose -5*j + 213 = 4*t, -3*j - 5*t = -128 + 8. List the prime factors of j.
3, 5
Suppose -5*a = 2*n - 23, -2*a - a + 13 = n. Suppose g + 5*h - 9 = 0, a*h - 5*h + 6 = -2*g. What are the prime factors of (1 - g)/((-6)/(-45))?
3, 5
Let z be 5/3 + (-4)/(-12). Suppose 2*r = -z*x + 3*x + 31, -5*x - 75 = -5*r. Suppose -2*s + r = -3*q + 40, -5*s = 4*q - 32. What are the prime factors of q?
2
Let q = 51 + -13. List the prime factors of q.
2, 19
Let l(g) = g**2 + 3*g + 3. Let c be l(-3). Let i = 8 - c. Suppose -5*q - 48 = -3*v - 15, -3*v + 33 = i*q. What are the prime factors of v?
11
Let o be ((-2)/2)/((-2)/(-174)). Let i be o/15 + 1/(-5). What are the prime factors of -5*(-1 + i/(-15))?
3
Suppose 5*l - 24 - 111 = 0. Let w = 4 + l. What are the prime factors of w?
31
Let p = 11 - 33. List the prime factors of ((-3)/(-2))/((-1)/p).
3, 11
Let h = 42 + -27. List the prime factors of h.
3, 5
Suppose 2*f = 3*q + 46, q = 2*q + 4. What are the prime factors of f?
17
Let f = -8 - -12. Suppose -f*v = -17 + 1. What are the prime factors of v?
2
Let g = 24 + -36. Let q = -4 - g. Suppose 2*b - 5*c = -3*b, -5*b = -c - q. What are the prime factors of b?
2
List the prime factors of (-4)/8*(-1 + -155).
2, 3, 13
Let b(a) = -a - 5. Let m be b(5). Let l be 5/m*0/1. Suppose l = -4*i + 2*i + 20. List the prime factors of i.
2, 5
Let n(q) = q**2 - 4*q - 19. What are the prime factors of n(-6)?
41
Let s(g) = -g**2 - 9*g - 9. What are the prime factors of s(-5)?
11
Let b(i) = i**2 - 5*i - 3. Let f be b(6). Suppose 0 = f*p + 119 - 8. Let n = 53 + p. What are the prime factors of n?
2
Let w = 43 - 27. Suppose -2*f + w = -5*o, f + 52 = 5*f - 5*o. List the prime factors of f.
2, 3
Let t(b) = -b**2 - b - 1. Let a(d) = -d**3 + 2*d**2 + 2*d - 2. Let k(w) = a(w) + 4*t(w). List the prime factors of k(-4).
2, 17
Suppose -2*c + 0 = -4. Let i be (-1)/c - 125/(-10). Suppose -33 = -4*t - 3*v, -4*v + 52 = 5*t + i. What are the prime factors of t?
2, 3
Suppose -r = -3*g + 24, 5*g - 3*r - 22 = 18. Let o be -10*(1 - 0)*-7. Suppose -g*p + o = -3*p. What are the prime factors of p?
2, 7
Suppose 20*v - 21*v + 275 = 0. What are the prime factors of v?
5, 11
Suppose -4*g = g - 30. Let v = 11 - g. Suppose -v*y - 37 = -2*q, 4*y + 0 + 1 = -q. What are the prime factors of q?
11
Let a(l) = 3*l + 3 + 1 + 2 - 4. List the prime factors of a(8).
2, 13
Suppose -o + 159 = -3*n, -2*o = -2*n - 230 - 80. List the prime factors of o.
3, 17
Let y(s) = 11*s + 7. Let n(u) = -11*u - 6. Let t(a) = 3*n(a) + 2*y(a). List the prime factors of t(-3).
29
Suppose 0 = -4*w + 36. Suppose -2*u - 3 = -w. Suppose 0 = -u*r + 16 + 29. What are the prime factors of r?
3, 5
Let h be 6 + (0 - (0 + 0)). Suppose -h*z + 30 = -z. Let u = -4 + z. What are the prime factors of u?
2
Let h(j) = 12*j. Let n be h(3). Suppose m = 3*m - n. List the prime factors of m.
2, 3
Let i(z) = z**3 + 3*z**2 - 8*z - 7. Let k be i(-5). Let r = k + 58. List the prime factors of r.
41
Let o = 123 - 77. What are the prime factors of o?
2, 23
Let y = -9 + 15. Suppose -16 = -y*d + 2*d. Let s(h) = -h**3 + 4*h**2 + h + 1. List the prime factors of s(d).
5
Suppose -h + 0*h = 10. Let o = h + 30. What are the prime factors of o?
2, 5
List the prime factors of ((-36)/(-20))/((-3)/(-10)).
2, 3
Let i = -25 - -26. List the prime factors of (-7)/(-21)*i*81.
3
Let b be 604/10 + (-10)/25. Suppose -r + 3*x = -x + 5, 3*x = 5*r - b. What are the prime factors of r?
3, 5
Suppose 54 = -2*b + 196. List the prime factors of b.
71
Suppose -4*k = -176 - 260. List the prime factors of k.
109
List the prime factors of (-2)/(-4) + (-393)/(-6).
2, 3, 11
Let a be 6/(-4)*8/6. Let l be 0 + (a - -1)*1. What are the prime factors of (25/(-10))/(l/2)?
5
Suppose 2*i - 10 + 2 = 0. Suppose -i*u - 32 = -0*u. List the prime factors of u/(0/2 - 1).
2
Suppose 4*n - 136 = 4*m, 0*m + 4 = -m. What are the prime factors of n?
2, 3, 5
Suppose s = 3*m + 6*s + 4, -4*s = -3*m + 14. Suppose -4*o - 6 = -3*r - o, r - m = -4*o. Suppose -5*c = a - 2 - 18, -r*a - 2 = -4*c. List the prime factors of c.
3
Let w(x) be the third derivative of -x**6/120 - 2*x**5/15 - x**4/3 + x**3/6 - x**2. Suppose -9*f = -11*f - 14. What are the prime factors of w(f)?
2
Suppose 2*r = -3 + 1. Let a be (r + 2)/(1/(-3)). List the prime factors of 8/2 + -3 - a.
2
Suppose 9*k - 13*k = 200. Let p = -28 - k. What are the prime factors of p?
2, 11
Let r(k) be the first derivative of -5/2*k**2 + 1 + 1/3*k**3 + 7*k. What are the prime factors of r(5)?
7
Suppose 5*y - 5*i = 395, 4*y - 596 = -3*i - 245. Suppose -4*s = -4*u + y, -4*u + s = -4*s - 89. List the prime factors of u.
2
Let s(x) be the second derivative of x**5/20 - x**4/3 - 2*x**3 - 2*x**2 + x. Let u(m) = m + 1. Let t(w) = -s(w) - 6*u(w). What are the prime factors of t(5)?
3
Let a = 70 + -120. Let n = -34 - a. List the prime factors of n.
2
Let r(a) = -a**3 + 9*a**2 - 6*a + 7. List the prime factors of r(8).
23
Suppose -4*a + d = -353, 9*d - 171 = -2*a + 4*d. List the prime factors of a.
2, 11
Suppose -x + 4*j = -71 - 56, -x = -2*j - 135. What are the prime factors of x?
11, 13
Let y(o) = 4*o - 1. Suppose 0 = -9*b + 6*b + 15. Suppose -5 = 2*g + b*m - 27, 8 = 2*m. List the prime factors of y(g).
3
Let m be 52/20 - (-2)/5. Suppose m*a - 40 = -3*r + 2*r, r + 5*a - 48 = 0. What are the prime factors of r?
2, 7
Suppose -6 = -2*j - 4*o + 66, -1 = o. What are the prime factors of j?
2, 19
Let b(t) = 8*t**3 + 2*t**2 - t. Let s be b(1). Let a = -5 + s. What are the prime factors of a?
2
Let k = 6 + -6. Suppose 3*r - 2*i - 31 = k, -32 = -4*r + 3*r + 5*i. What are the prime factors of r?
7
Let h(y) = -4*y + 2. Let t be h(6). Let b = 48 + t. Let v = b + -14. List the prime factors of v.
2, 3
List the prime factors of -4*7*(5 + -3 + -9).
2, 7
Let w(v) be the first derivative of -v**4/4 - 2*v**3 + 7*v**2/2 + 5*v - 2. Let i be w(-7). Suppose i*z - 5 = a, -a + 8 = a - z. What are the prime factors of a?
5
Let q(h) = h**2 + 3*h - 2. Let m be q(-9). Let p = m + -22. List the prime factors of p.
2, 3, 5
Let i(k) = -k - k**2 + 5 + 2*k + 4*k. Let j be i(5). Suppose 0 = 5*a + 4*s - 51, 3*s - j*s + 8 = 0. What are the prime factors of a?
7
Suppose 4*j + 3*k + 3 + 20 = 0, 9 = -2*j - k. List the prime factors of (j/3)/(2/(-45)).
3, 5
Suppose 0 = 4*j - 12 + 4. Suppose -j*f - 5 = -3*f + 3*w, -4*w = 0. Let l = 7 - f. What are the prime factors of l?
2
Suppose 0 = -u - 3*q, -5*u - 4*q = -8*q. Let k be (1 - 0)*(0 + u). Suppose 2*z = 4*j - 3*z - 28, k = -5*z. What are the prime factors of j?
7
Let b(z) = -z. Let f(p) = -2*p + 5. Let y(t) = 4*b(t) - f(t). What are the prime factors of y(-5)?
5
Suppose 2*u + 8 - 72 = 0. List the prime factors of u.
2
Let k = -10 + 8. List the prime factors of (-36)/10*(k - 3).
2, 3
Let f(p) be the first derivative of -p**3/3 + 5*p**2 - p - 2. List the prime factors of f(7).
2, 5
Let p(f) = -f**3 - 5*f**2 - 5*f - 3. Let s be p(-4). Let d be (4/s)/((-3)/9). List the prime factors of 3*(d/(-9) - -2).
2, 5
Suppose 204 = -3*o + 5*o. List the prime factors of o.
2, 3, 17
Let r(n) = -2*n + 1. Let y be r(-1). Suppose 0*z + 46 = -y*k - 4*z, 0 = k + 4*z + 10. What are the prime factors of (k/5)/((-4)/10)?
3
Suppose 172 = 3*z - 98. Suppose 0 = b - 5, 2*b + 3*b + z = 5*j. What are the prime factors of j?
23
Suppose 9 = -b - 2*b. Let j = b - -7. Suppose 15 = 3*q + k, -q - q = j*k. Wha